= 115 - 219. Let l be (14/(-1))/(13/q). Suppose -4*a = -0*a - l. What is the tens digit of a?
2
Let u be 0 + (4 - 8) + 10. Suppose -3*p = u, 0 = 3*z - 4*z + 2*p + 7. What is the units digit of -1*((-124)/2 + z)?
9
Suppose -2*a - 30 = -108. Let d be 352/20 - 2/(-5). Let n = a - d. What is the tens digit of n?
2
Let h = -6348 - -9080. What is the units digit of h?
2
Suppose -z = 4*z - 3*i - 24, 4*z + 4*i = 0. Suppose 3*p - 71 = -u, 16 = -z*p - 3*u + 79. What is the tens digit of p?
2
Suppose -2*c + 4*c = 62. Let t(y) = -y**3 + 28*y**2 + 35*y - 89. Let r be t(29). Let d = r - c. What is the units digit of d?
4
Let s(x) = x**2 + 12*x + 1260. What is the hundreds digit of s(0)?
2
What is the units digit of (-1972)/7*966/(-276)?
6
Let j = -119 + 188. Let u = j - -39. What is the units digit of u?
8
What is the units digit of 2 + (46/(-5))/((-1)/10)?
4
Let y(c) = -3*c**3 - 11*c**2 + 24*c + 18. What is the units digit of y(-9)?
8
Suppose -t + 0*t = -5, 5*v + 4*t = 20. Suppose -p = -4*o - 83, v = -2*p + p - 4*o + 115. What is the tens digit of p?
9
Let l(o) = -o**2 - 13*o + 18. Let k be l(-14). Suppose k*a - 899 = 3*m, 607 = 2*a - 2*m + 155. What is the hundreds digit of a?
2
Suppose 7*s - 5*s - 28 = 0. Let j(p) = 4*p - 18. Let r be j(s). Let x = -11 + r. What is the tens digit of x?
2
Suppose -821 + 3458 = l. What is the tens digit of l?
3
Suppose 2*k - 314 = 2. What is the hundreds digit of k?
1
Let b(z) = 6*z**3 + 5*z**2 + 51*z - 63. What is the tens digit of b(8)?
3
Let m(f) = -f**2 + 14*f - 12. What is the tens digit of m(8)?
3
Suppose 5*c + 5*w = 4*w + 1385, -261 = -c + 3*w. What is the units digit of c?
6
Let m = -15 - -3. Let b = -14 - m. What is the tens digit of (b/(-6))/((-1)/(-93))?
3
Let q(d) = 173*d**2 + 4*d + 1. What is the tens digit of q(2)?
0
Suppose -8*i + 20151 = 6495. What is the units digit of i?
7
Let m(a) = -a + 1. Let t be (-9 - -6)*1/(-3). Let j be m(t). Let b = j - -11. What is the tens digit of b?
1
Let y = -1321 - -2342. What is the hundreds digit of y?
0
Let i(c) = c**3 + 5*c**2 - 3*c + 3. Suppose 22 = -v + 18. What is the units digit of i(v)?
1
Let q = 52 - -5. What is the units digit of q?
7
Let u = 4228 - 412. What is the thousands digit of u?
3
What is the thousands digit of -1351*(-36)/147*21/6?
1
Let u be (-84)/(-9)*6/4. Let w(i) = -5*i**2 + i + 2. Let c be w(-1). What is the units digit of (-185)/(-35) + c/u?
5
Suppose -150 = 2*s - 7*s. Suppose -2*u - 2 + s = 0. Suppose 0 = u*m - 12*m - 46. What is the units digit of m?
3
Let o(c) = 38*c - 226. Let g be o(6). Let s(w) = w**3 - 3*w + 2. Let t be s(2). Suppose 390 = g*i + t*i. What is the units digit of i?
5
What is the tens digit of 30616/24 + -6*2/(-36)?
7
Let x(n) be the third derivative of -19*n**4/24 - 3*n**3/2 - 11*n**2. Let m be x(-8). Suppose 2*r + 39 = m. What is the units digit of r?
2
Let n = 892 + -427. Suppose 4*r = -0*r - 4*i + 936, 2*r + 3*i - n = 0. What is the hundreds digit of r?
2
Suppose -8 = 2*w, 11*l + 5*w = 16*l - 8425. What is the thousands digit of l?
1
What is the hundreds digit of (-44)/(-11) - (-146 - 2)?
1
Let f be 238 - 2 - (-7 + 8). Let q = f - 62. What is the tens digit of q?
7
Let u(f) = 53*f**2 - 4*f - 8. What is the units digit of u(3)?
7
What is the units digit of -1 + 255740/75 + (-20)/(-150)?
9
Suppose 17*u - 5044 - 70164 = 0. What is the thousands digit of u?
4
Suppose -7*c = -2*c + 20, 0 = -4*t + 3*c + 2476. What is the tens digit of t?
1
Let b = 284 + -141. What is the units digit of b?
3
Suppose 0 = -0*x + x - 460. What is the tens digit of x?
6
Suppose 7*x = 25 + 6716. What is the tens digit of x?
6
Suppose -2*o - 5*c - 7 = 0, 0*c + 26 = 4*o + 2*c. Suppose 6*i - o*i = 0. Suppose i = -0*p + 2*p - 14. What is the units digit of p?
7
Suppose -556 = -13*i - 36. What is the tens digit of i?
4
Suppose -3*c + 2*v = 68, -c - 3*c = -4*v + 96. What is the hundreds digit of c/130 + ((-5624)/(-26))/2?
1
Let c(p) = 2*p**3 - 10*p**2 + 13*p - 30. What is the tens digit of c(7)?
5
Suppose -14*h = -13*h - 4*x - 327, -2*h = -4*x - 658. What is the hundreds digit of h?
3
Let n = 160 + -80. What is the tens digit of n?
8
What is the thousands digit of 2/2 + 2300 + -1?
2
What is the tens digit of 7 + -8 - (-2388 - (3 + 2))?
9
Suppose 0 = -15*c + 15873 + 1842. What is the units digit of c?
1
Suppose -3*c = -27 - 6. What is the units digit of c?
1
Suppose -f + 6*f + 2*y = 15, -f - 4*y + 21 = 0. What is the units digit of -1 - (-10 - -5) - (-3)/f?
7
Suppose 2*s - 25 - 11 = 0. Suppose -s = 3*k - 3. Let m(t) = 2*t**2 + 2*t. What is the units digit of m(k)?
0
Suppose -2*v = -4*o - v + 580, 0 = -3*v. What is the hundreds digit of o?
1
Let v = 27 - 25. Let y(d) = d**v - d**2 - 13 + 3*d + d**2. What is the units digit of y(-6)?
5
Let l be -1 - (0 + 1 + 0). Let g(b) = -b + 2. Let t be g(l). Suppose 5*r + 10 = t*u + 64, u = 3*r - 31. What is the tens digit of r?
1
Let i be 3 - (1 - -1 - 3). Suppose -23 - 9 = -i*o. Suppose 5*f - o*f = -45. What is the units digit of f?
5
Suppose -410 = -14*f + 16*f. Let v = -139 - f. What is the tens digit of v?
6
Let f(g) = 7*g**2 - 36*g - 53. What is the tens digit of f(-11)?
9
Let g = 80 + -17. Suppose -2*d = -d - g. What is the tens digit of d?
6
Suppose 0*v = 2*v - 50. Suppose 2*k - 10 = 0, -3*a + 485 = 3*k - v. What is the tens digit of a?
6
What is the units digit of (-43 - (2 - 2))/(9/(-18))?
6
Let n be (-3)/(-2) - (-3)/6. Suppose -6 = n*w + 4*c - 14, 5*w - 13 = -3*c. Suppose 0 = 3*o + m - 77, 3*m = -2*o + w*m + 52. What is the units digit of o?
5
Suppose -8 = 3*v + 4*k - 6, 3*v + 10 = 4*k. Let u be (-6)/v - 1 - 0. Suppose -3*y + 7 + u = 0. What is the units digit of y?
3
Suppose -2*p - 3 - 9 = 0. Let y = -6 - p. Suppose 5*m + 4 - 24 = y. What is the units digit of m?
4
Let j be ((-3)/9)/((-3)/9). Let b be (-5)/((-5)/7)*j. Suppose 0 = -s + 2*s - b. What is the units digit of s?
7
What is the tens digit of ((-160)/(-12))/(4 - (-2570)/(-645))?
6
Suppose -5*u + 4*b = -8*u + 167, -267 = -5*u - b. Suppose l - 7 = u. What is the tens digit of l?
6
Let p(n) = 336*n - 381. What is the hundreds digit of p(14)?
3
Let j = 7 - 4. Suppose 0 = -j*t + 6*t - 2*w + 1, t = w - 1. What is the units digit of 198/(-77)*(t - 8)?
8
Suppose 3*c - 3 = 0, 0*v = v - c + 23. Let a be (v/(-33))/(2/57). Suppose u = 10 + a. What is the units digit of u?
9
Suppose 4*f - y - 5 = -2*y, 4*y = -3*f - 6. Suppose -10*g = -f*g - 432. What is the tens digit of g?
5
Let n be 40162/8 + (-2)/8. Suppose -1042 = 18*q - n. What is the tens digit of q?
2
Suppose 12*k - 4564 + 1264 = 0. What is the hundreds digit of k?
2
Let n = -27 + 31. What is the units digit of ((-24)/18)/(n/(-102))?
4
Let m(a) = -5*a + 6. Let g(i) = -4*i + 5. Let l(b) = 3*g(b) - 2*m(b). Suppose -5*w + 0*w = 35. What is the tens digit of l(w)?
1
Suppose b + 9 = j, j + 62 = 4*j + 4*b. Let p = j - -86. What is the units digit of p?
0
Let b(l) = 5*l**3 + 5*l**2 - 9*l + 11. What is the units digit of b(3)?
4
Let m(l) = -l**2 + 7*l + 55. Let t be m(18). Let u = 247 + t. What is the hundreds digit of u?
1
Let v be 344/(-40) - (-6)/10. Let q(u) = 5*u + 3. Let h be q(-2). Let n = h - v. What is the units digit of n?
1
Suppose 4*z - 8 = 3*r + r, -2*r = -5*z + 25. Suppose -372 - 286 = -z*t. Let n = -58 + t. What is the tens digit of n?
3
Suppose -5 = 2*u - 7*u, -6 = -2*v + 2*u. Suppose -v*c + 0*c = -92. What is the tens digit of c - 1/(4/(-12))?
2
Let d = -40 - -64. Let u = d + -24. Suppose -2*w - p + 67 = 0, u*p = p - 3. What is the units digit of w?
2
Let j be (4*3/(-6))/(-1). Let l(v) = 36*v**2 + 3*v - 3. What is the hundreds digit of l(j)?
1
Suppose -m = a - 318, 0*m + 12 = 4*m. What is the tens digit of a?
1
Suppose -2*t + 20 = -t. Suppose -d = -70 - t. What is the tens digit of d?
9
Let s be -2*(-3 + (-21)/6). Let p = 10 - s. What is the units digit of 5 + (p - (-4 - -2))?
4
Let d be ((-7)/14)/(1/310). What is the tens digit of d/(-3) + 2 + 28/(-42)?
5
Let m(h) = -4*h + 6. Let t(g) = 1. Let x be (-15)/10*(1 - -1). Let s(l) = x*t(l) - m(l). What is the tens digit of s(9)?
2
Suppose -2*r = 3*q - 3264, 5453 = 5*q + 7*r - 8*r. What is the units digit of q?
0
Let a(n) = 269*n**2 - 2*n - 1. Let q be a(-1). What is the units digit of (44/6)/(20/q)?
9
Let f(l) = -3*l + 11. Let d be f(-5). Let n = d -